 18.
17
What is the remainder when 1611 is divided by 17?
13
What is the remainder when 125 is divided by 117?
8
Calculate the remainder when 3 is divided by 3.
0
What is the remainder when 105 is divided by 37?
31
What is the remainder when 17711 is divided by 34?
31
What is the remainder when 6909 is divided by 216?
213
What is the remainder when 2009 is divided by 6?
5
What is the remainder when 4372 is divided by 175?
172
Calculate the remainder when 924 is divided by 30.
24
What is the remainder when 4723 is divided by 105?
103
Calculate the remainder when 368 is divided by 9.
8
Calculate the remainder when 516 is divided by 152.
60
Calculate the remainder when 1032 is divided by 501.
30
What is the remainder when 1635 is divided by 18?
15
What is the remainder when 1462 is divided by 189?
139
Calculate the remainder when 1320 is divided by 70.
60
Calculate the remainder when 254 is divided by 39.
20
What is the remainder when 1196 is divided by 100?
96
What is the remainder when 4090 is divided by 102?
10
Calculate the remainder when 1267 is divided by 23.
2
What is the remainder when 1280 is divided by 130?
110
What is the remainder when 601 is divided by 534?
67
What is the remainder when 271 is divided by 20?
11
Calculate the remainder when 154 is divided by 79.
75
Calculate the remainder when 688 is divided by 234.
220
What is the remainder when 202 is divided by 6?
4
What is the remainder when 382 is divided by 103?
73
Calculate the remainder when 1082 is divided by 28.
18
Calculate the remainder when 802 is divided by 27.
19
Calculate the remainder when 378 is divided by 185.
8
Calculate the remainder when 744 is divided by 22.
18
What is the remainder when 438 is divided by 55?
53
Calculate the remainder when 337 is divided by 22.
7
Calculate the remainder when 2675 is divided by 17.
6
What is the remainder when 71 is divided by 30?
11
Calculate the remainder when 1538 is divided by 31.
19
Calculate the remainder when 137 is divided by 46.
45
What is the remainder when 2163 is divided by 35?
28
Calculate the remainder when 332 is divided by 17.
9
What is the remainder when 6366 is divided by 26?
22
What is the remainder when 1145 is divided by 283?
13
Calculate the remainder when 43 is divided by 8.
3
What is the remainder when 213 is divided by 9?
6
What is the remainder when 426 is divided by 43?
39
What is the remainder when 165 is divided by 12?
9
Calculate the remainder when 830 is divided by 8.
6
What is the remainder when 211 is divided by 18?
13
Calculate the remainder when 118 is divided by 64.
54
What is the remainder when 237 is divided by 128?
109
What is the remainder when 1209 is divided by 15?
9
Calculate the remainder when 409 is divided by 68.
1
What is the remainder when 80 is divided by 22?
14
What is the remainder when 350 is divided by 113?
11
What is the remainder when 944 is divided by 56?
48
Calculate the remainder when 1434 is divided by 121.
103
Calculate the remainder when 785 is divided by 132.
125
Calculate the remainder when 284 is divided by 32.
28
Calculate the remainder when 638 is divided by 71.
70
Calculate the remainder when 4252 is divided by 5.
2
Calculate the remainder when 461 is divided by 30.
11
Calculate the remainder when 1069 is divided by 40.
29
Calculate the remainder when 2707 is divided by 129.
127
Calculate the remainder when 5740 is divided by 22.
20
What is the remainder when 78 is divided by 8?
6
What is the remainder when 49 is divided by 17?
15
What is the remainder when 221 is divided by 4?
1
Calculate the remainder when 3165 is divided by 24.
21
Calculate the remainder when 183 is divided by 17.
13
What is the remainder when 81 is divided by 21?
18
What is the remainder when 2066 is divided by 685?
11
What is the remainder when 444 is divided by 14?
10
Calculate the remainder when 4141 is divided by 27.
10
What is the remainder when 4095 is divided by 32?
31
Calculate the remainder when 742 is divided by 124.
122
What is the remainder when 296 is divided by 17?
7
Calculate the remainder when 526 is divided by 59.
54
Calculate the remainder when 758 is divided by 12.
2
What is the remainder when 2922 is divided by 14?
10
What is the remainder when 336 is divided by 15?
6
What is the remainder when 37 is divided by 1?
0
What is the remainder when 216 is divided by 65?
21
What is the remainder when 488 is divided by 89?
43
What is the remainder when 1168 is divided by 233?
3
What is the remainder when 8471 is divided by 12?
11
What is the remainder when 246 is divided by 16?
6
Calculate the remainder when 1917 is divided by 48.
45
Calculate the remainder when 2985 is divided by 36.
33
What is the remainder when 510 is divided by 38?
16
Calculate the remainder when 213 is divided by 39.
18
What is the remainder when 63 is divided by 50?
13
What is the remainder when 42 is divided by 20?
2
What is the remainder when 223 is divided by 15?
13
Calculate the remainder when 1067 is divided by 353.
8
Calculate the remainder when 736 is divided by 41.
39
What is the remainder when 2192 is divided by 76?
64
Calculate the remainder when 466 is divided by 133.
67
Calculate the remainder when 117 is divided by 11.
7
Calculate the remainder when 659 is divided by 166.
161
What is the remainder when 1204 is divided by 602?
0
Calculate the remainder when 92 is divided by 62.
30
Calculate the remainder when 409 is divided by 52.
45
Calculate the remainder when 804 is divided by 31.
29
What is the remainder when 211 is divided by 43?
39
Calculate the remainder when 397 is divided by 6.
1
Calculate the remainder when 723 is divided by 43.
35
What is the remainder when 40 is divided by 14?
12
What is the remainder when 43 is divided by 18?
7
Calculate the remainder when 71 is divided by 31.
9
What is the remainder when 45 is divided by 34?
11
Calculate the remainder when 2318 is divided by 145.
143
What is the remainder when 34 is divided by 20?
14
Calculate the remainder when 88 is divided by 10.
8
Calculate the remainder when 62 is divided by 34.
28
Calculate the remainder when 2578 is divided by 258.
256
What is the remainder when 54 is divided by 7?
5
Calculate the remainder when 358 is divided by 114.
16
What is the remainder when 351 is divided by 111?
18
Calculate the remainder when 297 is divided by 50.
47
Calculate the remainder when 495 is divided by 71.
69
What is the remainder when 247 is divided by 21?
16
Calculate the remainder when 179 is divided by 57.
8
What is the remainder when 40 is divided by 35?
5
What is the remainder when 350 is divided by 122?
106
Calculate the remainder when 66 is divided by 14.
10
Calculate the remainder when 1020 is divided by 25.
20
Calculate the remainder when 93 is divided by 39.
15
What is the remainder when 131 is divided by 5?
1
Calculate the remainder when 53 is divided by 32.
21
What is the remainder when 166 is divided by 45?
31
What is the remainder when 3584 is divided by 5?
4
Calculate the remainder when 4075 is divided by 242.
203
Calculate the remainder when 195 is divided by 40.
35
What is the remainder when 2920 is divided by 37?
34
What is the remainder when 412 is divided by 20?
12
What is the remainder when 412 is divided by 32?
28
Calculate the remainder when 224 is divided by 9.
8
Calculate the remainder when 1006 is divided by 179.
111
What is the remainder when 1747 is divided by 573?
28
Calculate the remainder when 62 is divided by 38.
24
What is the remainder when 1297 is divided by 26?
23
What is the remainder when 1347 is divided by 207?
105
What is the remainder when 735 is divided by 23?
22
Calculate the remainder when 91 is divided by 7.
0
What is the remainder when 150 is divided by 53?
44
Calculate the remainder when 728 is divided by 73.
71
What is the remainder when 215 is divided by 133?
82
What is the remainder when 108 is divided by 37?
34
What is the remainder when 83 is divided by 50?
33
What is the remainder when 1617 is divided by 54?
51
Calculate the remainder when 129 is divided by 47.
35
What is the remainder when 95 is divided by 18?
5
What is the remainder when 690 is divided by 99?
96
Calculate the remainder when 917 is divided by 44.
37
What is the remainder when 65483 is divided by 239?
236
Calculate